{"id":37,"date":"2023-06-19T13:33:49","date_gmt":"2023-06-19T11:33:49","guid":{"rendered":"http:\/\/guia-prc.recursos.uoc.edu\/bones-practiques\/?page_id=37"},"modified":"2023-06-19T13:35:13","modified_gmt":"2023-06-19T11:35:13","slug":"3-la-confidencialitat","status":"publish","type":"page","link":"http:\/\/guia-prc.recursos.uoc.edu\/bones-practiques\/3-la-confidencialitat\/","title":{"rendered":"3. La confidencialitat"},"content":{"rendered":"<p>Com sabeu, la confidencialitat \u00e9s vital en l\u2019exercici professional de la psicologia. En altres paraules, la informaci\u00f3 personal a la qual es t\u00e9 acc\u00e9s \u00e9s confidencial i, per tant, no se\u2019n pot fer cap mena de difusi\u00f3, sense una autoritzaci\u00f3 pr\u00e8via.<\/p>\n<p>Aquest concepte l\u2019heu de tenir sempre present al llarg del vostre exercici professional, i, com no pot ser d\u2019una altra manera, tamb\u00e9 al llarg de les pr\u00e0ctiques, tant si les feu en la modalitat de recerca com si les feu en un centre extern.<\/p>\n<p>Aix\u00ed doncs, a l\u2019hora d\u2019elaborar les activitats de l\u2019aula, tant si s\u00f3n les mem\u00f2ries de les pr\u00e0ctiques externes, com si s\u00f3n debats o exercicis relacionats amb una recerca, recordeu que sempre heu de preservar la confidencialitat de les persones, cosa que vol dir que no heu d\u2019incloure-hi dades confidencials, com poden ser els noms complets, les adreces, els n\u00fameros de tel\u00e8fon, els n\u00fameros identificatius, com per exemple un DNI, etc.<\/p>\n<p>A m\u00e9s, tamb\u00e9 heu de tenir cura de l\u2019espai en qu\u00e8 registreu i guardeu la informaci\u00f3 a la qual podeu tenir acc\u00e9s, ja que aquesta informaci\u00f3 ha d\u2019estar ben protegida per tal d\u2019evitar que tercers hi puguin accedir.<\/p>\n<p>Finalment, us recomanem que tingueu en compte els recursos seg\u00fcents:<\/p>\n<p>Llei org\u00e0nica 3\/2018, de 5 de desembre, de protecci\u00f3 de dades personals i garantia dels drets digitals: <a href=\"https:\/\/www.boe.es\/buscar\/doc.php?id=BOE-A-2018-16673\" target=\"_blank\" rel=\"noopener\">https:\/\/www.boe.es\/buscar\/doc.php?id=BOE-A-2018-16673<\/a><\/p>\n<p>Full informatiu sobre la declaraci\u00f3 del consentiment informat: <a href=\"https:\/\/protected-content.ftp.uoc.edu\/biblioteca\/prestatgeries\/10170_80170\/112231_cat.pdf\" target=\"_blank\" rel=\"noopener\">https:\/\/protected-content.ftp.uoc.edu\/biblioteca\/prestatgeries\/10170_80170\/112231_cat.pdf<\/a><\/p>\n","protected":false},"excerpt":{"rendered":"<p>Com sabeu, la confidencialitat \u00e9s vital en l\u2019exercici professional de la psicologia. En altres paraules, la informaci\u00f3 personal a la qual es t\u00e9 acc\u00e9s \u00e9s confidencial i, per tant, no se\u2019n pot fer cap mena de difusi\u00f3, sense una autoritzaci\u00f3 pr\u00e8via. Aquest concepte l\u2019heu de tenir sempre present al llarg del vostre exercici professional, i, [&hellip;]<\/p>\n","protected":false},"author":1,"featured_media":0,"parent":0,"menu_order":0,"comment_status":"closed","ping_status":"closed","template":"","meta":[],"acf":[],"_links":{"self":[{"href":"http:\/\/guia-prc.recursos.uoc.edu\/bones-practiques\/wp-json\/wp\/v2\/pages\/37"}],"collection":[{"href":"http:\/\/guia-prc.recursos.uoc.edu\/bones-practiques\/wp-json\/wp\/v2\/pages"}],"about":[{"href":"http:\/\/guia-prc.recursos.uoc.edu\/bones-practiques\/wp-json\/wp\/v2\/types\/page"}],"author":[{"embeddable":true,"href":"http:\/\/guia-prc.recursos.uoc.edu\/bones-practiques\/wp-json\/wp\/v2\/users\/1"}],"replies":[{"embeddable":true,"href":"http:\/\/guia-prc.recursos.uoc.edu\/bones-practiques\/wp-json\/wp\/v2\/comments?post=37"}],"version-history":[{"count":2,"href":"http:\/\/guia-prc.recursos.uoc.edu\/bones-practiques\/wp-json\/wp\/v2\/pages\/37\/revisions"}],"predecessor-version":[{"id":40,"href":"http:\/\/guia-prc.recursos.uoc.edu\/bones-practiques\/wp-json\/wp\/v2\/pages\/37\/revisions\/40"}],"wp:attachment":[{"href":"http:\/\/guia-prc.recursos.uoc.edu\/bones-practiques\/wp-json\/wp\/v2\/media?parent=37"}],"curies":[{"name":"wp","href":"https:\/\/api.w.org\/{rel}","templated":true}]}}