{"id":33,"date":"2023-06-19T11:40:22","date_gmt":"2023-06-19T09:40:22","guid":{"rendered":"http:\/\/guia-prc.recursos.uoc.edu\/guia-per-a-les-tutories-dels-centres-de-practiques-curriculars\/?page_id=33"},"modified":"2023-06-19T11:40:22","modified_gmt":"2023-06-19T09:40:22","slug":"1-2-quan-es-cursa-el-practicum","status":"publish","type":"page","link":"http:\/\/guia-prc.recursos.uoc.edu\/guia-per-a-les-tutories-dels-centres-de-practiques-curriculars\/1-2-quan-es-cursa-el-practicum\/","title":{"rendered":"1.2. Quan es cursa el Pr\u00e0cticum?"},"content":{"rendered":"<p>D\u2019acord amb el pla d\u2019estudis, el Pr\u00e0cticum es duu a terme durant <strong>el set\u00e8 i el vuit\u00e8 semestres de la titulaci\u00f3<\/strong>. Aix\u00ed doncs, l\u2019experi\u00e8ncia en el m\u00f3n professional arriba despr\u00e9s d\u2019un per\u00edode de formaci\u00f3 pr\u00e8via i havent cursat totes les assignatures b\u00e0siques i obligat\u00f2ries del grau, excepte una de les assignatures d\u2019angl\u00e8s.<\/p>\n<p>Podeu consultar quines s\u00f3n aquestes assignatures i el contingut que s\u2019hi treballa a la p\u00e0gina web de la <a href=\"https:\/\/www.uoc.edu\/ca\/estudis\/graus\/grau-psicologia#study-plan\" target=\"_blank\" rel=\"noopener\">UOC<\/a>.<\/p>\n<p>&nbsp;<\/p>\n<p>&nbsp;<\/p>\n","protected":false},"excerpt":{"rendered":"<p>D\u2019acord amb el pla d\u2019estudis, el Pr\u00e0cticum es duu a terme durant el set\u00e8 i el vuit\u00e8 semestres de la titulaci\u00f3. Aix\u00ed doncs, l\u2019experi\u00e8ncia en el m\u00f3n professional arriba despr\u00e9s d\u2019un per\u00edode de formaci\u00f3 pr\u00e8via i havent cursat totes les assignatures b\u00e0siques i obligat\u00f2ries del grau, excepte una de les assignatures d\u2019angl\u00e8s. Podeu consultar quines [&hellip;]<\/p>\n","protected":false},"author":1,"featured_media":0,"parent":0,"menu_order":0,"comment_status":"closed","ping_status":"closed","template":"","meta":[],"acf":[],"_links":{"self":[{"href":"http:\/\/guia-prc.recursos.uoc.edu\/guia-per-a-les-tutories-dels-centres-de-practiques-curriculars\/wp-json\/wp\/v2\/pages\/33"}],"collection":[{"href":"http:\/\/guia-prc.recursos.uoc.edu\/guia-per-a-les-tutories-dels-centres-de-practiques-curriculars\/wp-json\/wp\/v2\/pages"}],"about":[{"href":"http:\/\/guia-prc.recursos.uoc.edu\/guia-per-a-les-tutories-dels-centres-de-practiques-curriculars\/wp-json\/wp\/v2\/types\/page"}],"author":[{"embeddable":true,"href":"http:\/\/guia-prc.recursos.uoc.edu\/guia-per-a-les-tutories-dels-centres-de-practiques-curriculars\/wp-json\/wp\/v2\/users\/1"}],"replies":[{"embeddable":true,"href":"http:\/\/guia-prc.recursos.uoc.edu\/guia-per-a-les-tutories-dels-centres-de-practiques-curriculars\/wp-json\/wp\/v2\/comments?post=33"}],"version-history":[{"count":2,"href":"http:\/\/guia-prc.recursos.uoc.edu\/guia-per-a-les-tutories-dels-centres-de-practiques-curriculars\/wp-json\/wp\/v2\/pages\/33\/revisions"}],"predecessor-version":[{"id":35,"href":"http:\/\/guia-prc.recursos.uoc.edu\/guia-per-a-les-tutories-dels-centres-de-practiques-curriculars\/wp-json\/wp\/v2\/pages\/33\/revisions\/35"}],"wp:attachment":[{"href":"http:\/\/guia-prc.recursos.uoc.edu\/guia-per-a-les-tutories-dels-centres-de-practiques-curriculars\/wp-json\/wp\/v2\/media?parent=33"}],"curies":[{"name":"wp","href":"https:\/\/api.w.org\/{rel}","templated":true}]}}