{"id":51,"date":"2023-06-19T11:49:50","date_gmt":"2023-06-19T09:49:50","guid":{"rendered":"http:\/\/guia-prc.recursos.uoc.edu\/guia-per-a-les-tutories-dels-centres-de-practiques-curriculars\/?page_id=51"},"modified":"2023-06-19T11:49:50","modified_gmt":"2023-06-19T09:49:50","slug":"2-4-competencies-especifiques","status":"publish","type":"page","link":"http:\/\/guia-prc.recursos.uoc.edu\/guia-per-a-les-tutories-dels-centres-de-practiques-curriculars\/2-4-competencies-especifiques\/","title":{"rendered":"2.4. Compet\u00e8ncies espec\u00edfiques"},"content":{"rendered":"<p><strong>CE1<\/strong> &#8211; Usar els coneixements te\u00f2rics i els avan\u00e7os de la psicologia com a marc de refer\u00e8ncia per analitzar, comprendre i explicar el comportament de les persones, els grups i les organitzacions.<\/p>\n<p><strong>CE2<\/strong> &#8211; Identificar, analitzar i comprendre els factors biol\u00f2gics, psicol\u00f2gics, socials i culturals que expliquen el comportament de les persones, els grups i les organitzacions.<\/p>\n<p><strong>CE4<\/strong> &#8211; Entendre el funcionament cognitiu d\u2019una manera integrada.<\/p>\n<p><strong>CE8<\/strong> &#8211; Identificar, analitzar i comprendre les demandes i les necessitats de persones, grups i organitzacions en diferents contextos.<\/p>\n<p><strong>CE9<\/strong> &#8211; Formular objectius i contrastar hip\u00f2tesis a partir de les demandes i les necessitats dels destinataris.<\/p>\n<p><strong>CE10<\/strong> &#8211; Valorar, contrastar i prendre decisions sobre l\u2019elecci\u00f3 dels models, les teories, els instruments i les t\u00e8cniques m\u00e9s adequats en cada context d\u2019avaluaci\u00f3 i intervenci\u00f3.<\/p>\n<p><strong>CE11 <\/strong>&#8211; Aplicar t\u00e8cniques per recollir informaci\u00f3 sobre el funcionament biol\u00f2gic, el psicol\u00f2gic i el social d\u2019individus, col\u00b7lectius i organitzacions.<\/p>\n<p><strong>CE12 <\/strong>&#8211; Analitzar i interpretar els resultats de l\u2019avaluaci\u00f3 psicol\u00f2gica.<\/p>\n<p><strong>CE13 <\/strong>&#8211; Mostrar flexibilitat, respecte i discreci\u00f3 en la comunicaci\u00f3 i l\u2019\u00fas dels resultats obtinguts de les avaluacions psicol\u00f2giques a les persones o els grups.<\/p>\n","protected":false},"excerpt":{"rendered":"<p>CE1 &#8211; Usar els coneixements te\u00f2rics i els avan\u00e7os de la psicologia com a marc de refer\u00e8ncia per analitzar, comprendre i explicar el comportament de les persones, els grups i les organitzacions. CE2 &#8211; Identificar, analitzar i comprendre els factors biol\u00f2gics, psicol\u00f2gics, socials i culturals que expliquen el comportament de les persones, els grups i [&hellip;]<\/p>\n","protected":false},"author":1,"featured_media":0,"parent":0,"menu_order":0,"comment_status":"closed","ping_status":"closed","template":"","meta":[],"acf":[],"_links":{"self":[{"href":"http:\/\/guia-prc.recursos.uoc.edu\/guia-per-a-les-tutories-dels-centres-de-practiques-curriculars\/wp-json\/wp\/v2\/pages\/51"}],"collection":[{"href":"http:\/\/guia-prc.recursos.uoc.edu\/guia-per-a-les-tutories-dels-centres-de-practiques-curriculars\/wp-json\/wp\/v2\/pages"}],"about":[{"href":"http:\/\/guia-prc.recursos.uoc.edu\/guia-per-a-les-tutories-dels-centres-de-practiques-curriculars\/wp-json\/wp\/v2\/types\/page"}],"author":[{"embeddable":true,"href":"http:\/\/guia-prc.recursos.uoc.edu\/guia-per-a-les-tutories-dels-centres-de-practiques-curriculars\/wp-json\/wp\/v2\/users\/1"}],"replies":[{"embeddable":true,"href":"http:\/\/guia-prc.recursos.uoc.edu\/guia-per-a-les-tutories-dels-centres-de-practiques-curriculars\/wp-json\/wp\/v2\/comments?post=51"}],"version-history":[{"count":2,"href":"http:\/\/guia-prc.recursos.uoc.edu\/guia-per-a-les-tutories-dels-centres-de-practiques-curriculars\/wp-json\/wp\/v2\/pages\/51\/revisions"}],"predecessor-version":[{"id":53,"href":"http:\/\/guia-prc.recursos.uoc.edu\/guia-per-a-les-tutories-dels-centres-de-practiques-curriculars\/wp-json\/wp\/v2\/pages\/51\/revisions\/53"}],"wp:attachment":[{"href":"http:\/\/guia-prc.recursos.uoc.edu\/guia-per-a-les-tutories-dels-centres-de-practiques-curriculars\/wp-json\/wp\/v2\/media?parent=51"}],"curies":[{"name":"wp","href":"https:\/\/api.w.org\/{rel}","templated":true}]}}