{"id":162,"date":"2023-06-22T12:27:54","date_gmt":"2023-06-22T10:27:54","guid":{"rendered":"http:\/\/guia-prc.recursos.uoc.edu\/guia-practiques-curriculars-estudiantat\/?page_id=162"},"modified":"2025-03-11T09:24:57","modified_gmt":"2025-03-11T07:24:57","slug":"bibliografia","status":"publish","type":"page","link":"http:\/\/guia-prc.recursos.uoc.edu\/guia-practiques-curriculars-estudiantat\/bibliografia\/","title":{"rendered":"Bibliografia"},"content":{"rendered":"<p>Moreno, F. [Florentino]. (2002). <em>Pr\u00e1cticum de psicolog\u00eda<\/em>. Pearson Educaci\u00f3n.<\/p>\n<p>Selva C. [Clara], Andreu, A. [Anna], Vall-llovera M. [Montse] i Mej\u00edas C. [Cris]. (2022). Satisfacci\u00f3n del estudiantado en la tutorizaci\u00f3n del Pr\u00e1cticum de Psicolog\u00eda en una Universidad online. <em>Revista Pr\u00e1cticum, 7<\/em>(1), 88-105.\u00a0<a href=\"https:\/\/doi.org\/10.24310\/RevPracticumrep.v7i1.13138\" target=\"_blank\" rel=\"noopener\">https:\/\/doi.org\/10.24310\/RevPracticumrep.v7i1.13138<\/a><\/p>\n<p>Selva, C. [Clara], Vall-llovera, M. [Montse], Mej\u00edas, C. [Cris] i Andreu, A. [Anna]. (2022). Perspectiva del estudiantado ante un nuevo escenario educativo para el Pr\u00e1cticum mediante e-actividades. <em>REDU Revista de Docencia Universitaria, 20,\u00a0<\/em>7\u201333.\u00a0<a href=\"https:\/\/doi.org\/10.4995\/redu.2022.16886\" target=\"_blank\" rel=\"noopener\">https:\/\/doi.org\/10.4995\/redu.2022.16886<\/a><\/p>\n<p>Selva, C. [Clara], Vall-llovera [Montse] i M\u00e9ndez, M. [Marta]. (2020). Subjetividades emergentes del proceso de auto-aprendizaje en el Pr\u00e1cticum de Psicolog\u00eda.<em> Revista Pr\u00e1cticum, 5<\/em>(1), 5-21. <a href=\"https:\/\/doi.org\/10.24310\/RevPracticumrep.v5i1.9804\" target=\"_blank\" rel=\"noopener\">https:\/\/doi.org\/10.24310\/RevPracticumrep.v5i1.9804<\/a><\/p>\n<p>Zabalza, M. A. [Miguel Angel]. (2016). El Pr\u00e1cticum y las pr\u00e1cticas externas en la formaci\u00f3n universitaria. <em>Revista Pr\u00e1cticum, 1<\/em>(1), 1-23. <a href=\"https:\/\/doi.org\/10.24310\/RevPracticumrep.v1i1.8254\" target=\"_blank\" rel=\"noopener\">https:\/\/doi.org\/10.24310\/RevPracticumrep.v1i1.8254<\/a><\/p>\n","protected":false},"excerpt":{"rendered":"<p>Moreno, F. [Florentino]. (2002). Pr\u00e1cticum de psicolog\u00eda. Pearson Educaci\u00f3n. Selva C. [Clara], Andreu, A. [Anna], Vall-llovera M. [Montse] i Mej\u00edas C. [Cris]. (2022). Satisfacci\u00f3n del estudiantado en la tutorizaci\u00f3n del Pr\u00e1cticum de Psicolog\u00eda en una Universidad online. Revista Pr\u00e1cticum, 7(1), 88-105.\u00a0https:\/\/doi.org\/10.24310\/RevPracticumrep.v7i1.13138 Selva, C. [Clara], Vall-llovera, M. [Montse], Mej\u00edas, C. [Cris] i Andreu, A. [Anna]. (2022). [&hellip;]<\/p>\n","protected":false},"author":1,"featured_media":0,"parent":0,"menu_order":0,"comment_status":"closed","ping_status":"closed","template":"","meta":[],"acf":[],"_links":{"self":[{"href":"http:\/\/guia-prc.recursos.uoc.edu\/guia-practiques-curriculars-estudiantat\/wp-json\/wp\/v2\/pages\/162"}],"collection":[{"href":"http:\/\/guia-prc.recursos.uoc.edu\/guia-practiques-curriculars-estudiantat\/wp-json\/wp\/v2\/pages"}],"about":[{"href":"http:\/\/guia-prc.recursos.uoc.edu\/guia-practiques-curriculars-estudiantat\/wp-json\/wp\/v2\/types\/page"}],"author":[{"embeddable":true,"href":"http:\/\/guia-prc.recursos.uoc.edu\/guia-practiques-curriculars-estudiantat\/wp-json\/wp\/v2\/users\/1"}],"replies":[{"embeddable":true,"href":"http:\/\/guia-prc.recursos.uoc.edu\/guia-practiques-curriculars-estudiantat\/wp-json\/wp\/v2\/comments?post=162"}],"version-history":[{"count":4,"href":"http:\/\/guia-prc.recursos.uoc.edu\/guia-practiques-curriculars-estudiantat\/wp-json\/wp\/v2\/pages\/162\/revisions"}],"predecessor-version":[{"id":405,"href":"http:\/\/guia-prc.recursos.uoc.edu\/guia-practiques-curriculars-estudiantat\/wp-json\/wp\/v2\/pages\/162\/revisions\/405"}],"wp:attachment":[{"href":"http:\/\/guia-prc.recursos.uoc.edu\/guia-practiques-curriculars-estudiantat\/wp-json\/wp\/v2\/media?parent=162"}],"curies":[{"name":"wp","href":"https:\/\/api.w.org\/{rel}","templated":true}]}}