{"id":26,"date":"2023-06-19T12:57:54","date_gmt":"2023-06-19T10:57:54","guid":{"rendered":"http:\/\/guia-prc.recursos.uoc.edu\/preguntes-frequents\/?page_id=26"},"modified":"2025-01-27T18:25:16","modified_gmt":"2025-01-27T16:25:16","slug":"1-dubtes-generals","status":"publish","type":"page","link":"http:\/\/guia-prc.recursos.uoc.edu\/preguntes-frequents\/1-dubtes-generals\/","title":{"rendered":"1. Dubtes generals"},"content":{"rendered":"<p><strong>Puc comen\u00e7ar a fer el Pr\u00e0cticum abans de matricular-m\u2019hi?<\/strong><\/p>\n<p>No, per poder comen\u00e7ar les pr\u00e0ctiques us heu d\u2019haver matriculat a l\u2019assignatura, i tamb\u00e9 cal que el semestre lectiu hagi comen\u00e7at i que el conveni hagi estat signat per totes les parts.<\/p>\n<p>A m\u00e9s, es recomana que comenceu les pr\u00e0ctiques entre dues i tres setmanes despr\u00e9s de l\u2019inici de la doc\u00e8ncia. En qualsevol cas, a la \u00ab<a href=\"https:\/\/guia-prc.recursos.uoc.edu\/guia-practiques-curriculars-estudiantat\/\" target=\"_blank\" rel=\"noopener\">Guia de pr\u00e0ctiques curriculars per a l\u2019estudiantat<\/a>\u00bb s\u2019especifiquen les recomanacions en relaci\u00f3 amb l\u2019inici i la distribuci\u00f3 de les hores de pr\u00e0ctiques, per cada camp d\u2019aplicaci\u00f3.<\/p>\n<p><strong>Puc fer les hores de pr\u00e0ctiques en un centre de manera intensiva, concentrades en poques setmanes? <\/strong><\/p>\n<p>Aquesta informaci\u00f3 queda detallada a la \u00ab<a href=\"https:\/\/guia-prc.recursos.uoc.edu\/guia-practiques-curriculars-estudiantat\/\" target=\"_blank\" rel=\"noopener\">Guia de pr\u00e0ctiques curriculars per a l\u2019estudiantat<\/a>\u00bb, en la qual s\u2019especifiquen les recomanacions en relaci\u00f3 amb l\u2019inici i la distribuci\u00f3 de les hores de pr\u00e0ctiques, per cada camp d\u2019aplicaci\u00f3.<\/p>\n<p><strong>Puc fer el Pr\u00e0cticum a l\u2019estiu? <\/strong><\/p>\n<p>No, l\u2019assignatura de Pr\u00e0cticum est\u00e0 lligada a l\u2019activitat docent que es duu a terme a l\u2019aula virtual i, per tant, per iniciar les pr\u00e0ctiques cal que us h\u00e0giu matriculat a l\u2019assignatura de Pr\u00e0cticum, que el semestre lectiu hagi comen\u00e7at i que el conveni estigui signat per totes les parts.<\/p>\n<p><strong>En quin horari s\u2019han de fer les pr\u00e0ctiques al centre?<\/strong><\/p>\n<p>En el cas que sol\u00b7liciteu un centre de pr\u00e0ctiques d\u2019agrupament, cal que reviseu l\u2019horari proposat pel centre i el tingueu molt present. Si heu cercat un centre per compte propi, en modalitat directa, podeu pactar directament els horaris en funci\u00f3 de les possibilitats del centre. Sigui com sigui, des de la UOC no hi ha cap consigna respecte a l\u2019horari i, per tant, l\u2019estudiantat i el centre podeu arribar a un acord sobre aquesta q\u00fcesti\u00f3. Aix\u00ed mateix, recordeu que podreu parlar amb el centre una vegada se us hagi assignat la pla\u00e7a de pr\u00e0ctiques.<\/p>\n<p><strong>Puc fer m\u00e9s de noranta hores de pr\u00e0ctiques al centre? <\/strong><\/p>\n<p>No, el conveni signat per fer les pr\u00e0ctiques \u00e9s un conveni de pr\u00e0ctiques curriculars, \u00e9s a dir, un conveni relacionat amb l\u2019assignatura de Pr\u00e0cticum que, per tant, nom\u00e9s cobreix les hores concretes que heu de fer.<\/p>\n<p>Si un cop acabades les noranta hores obligat\u00f2ries del Pr\u00e0cticum voleu fer m\u00e9s hores de pr\u00e0ctiques al centre, us heu d\u2019adre\u00e7ar al Servei de Pr\u00e0ctiques i Mobilitat per tal de gestionar un conveni de pr\u00e0ctiques no curriculars, que heu de demanar per mitj\u00e0 del Servei d\u2019Atenci\u00f3. Teniu informaci\u00f3 sobre tot aix\u00f2 a l\u2019apartat \u00abServeis\u00bb del campus virtual.<\/p>\n<p><strong>Puc cursar el Pr\u00e0cticum I i el Pr\u00e0cticum II alhora? <\/strong><\/p>\n<p>No, \u00e9s possible cursar totes dues assignatures en semestres consecutius o b\u00e9 deixant transc\u00f3rrer algun semestre entre l\u2019una i l\u2019altra, per\u00f2 mai no es poden cursar al mateix temps. Malgrat que les compet\u00e8ncies, els objectius i els continguts que s\u2019hi treballen poden ser similars, el nivell d\u2019aprofundiment i d\u2019exig\u00e8ncia en l\u2019activitat \u00e9s superior en el Pr\u00e0cticum II, at\u00e8s que l\u2019estudiantat est\u00e0 m\u00e9s format i ha passat per una experi\u00e8ncia pr\u00e8via en el Pr\u00e0cticum I.<\/p>\n<p><strong>Puc fer un pr\u00e0cticum de recerca i un altre pr\u00e0cticum en un centre? Es poden fer tots dos pr\u00e0cticums en \u00e0mbits diferents? <\/strong><\/p>\n<p>S\u00ed, podeu fer les combinacions que vulgueu entre tots dos pr\u00e0cticums pel que fa a la recerca, el centre i el camp d\u2019aplicaci\u00f3. A m\u00e9s, heu de tenir en compte que l\u2019assignatura de Pr\u00e0cticum no computa a l\u2019hora d\u2019obtenir una menci\u00f3 o una altra.<\/p>\n<p><strong>El Pr\u00e0cticum II s\u2019ha de sol\u00b7licitar necess\u00e0riament al mateix centre que el Pr\u00e0cticum I? <\/strong><\/p>\n<p>No, no cal que el Pr\u00e0cticum I i el Pr\u00e0cticum II es facin al mateix centre, excepte si el centre de pr\u00e0ctiques ho explicita a l\u2019oferta o si nom\u00e9s admet estudiantat de Pr\u00e0cticum II que hagi cursat el Pr\u00e0cticum I al mateix centre. Sigui com sigui, aquest punt sempre s\u2019explicita a la descripci\u00f3 de l\u2019oferta del centre de pr\u00e0ctiques.<\/p>\n<p><strong>En cas que vulgui fer el Pr\u00e0cticum II al mateix centre que el Pr\u00e0cticum I, he de fer una sol\u00b7licitud? <\/strong><\/p>\n<p>S\u00ed, en cas que vulgueu continuar el Pr\u00e0cticum II al mateix centre on heu fet el Pr\u00e0cticum I, heu de tenir present que:<\/p>\n<ul>\n<li>Si \u00e9s una pla\u00e7a en mode agrupament, heu de fer la inscripci\u00f3 a l\u2019eina Xperience i heu de tornar a sol\u00b7licitar la pla\u00e7a.<\/li>\n<li>Si \u00e9s una pla\u00e7a en mode directe, heu de fer la inscripci\u00f3 a la convocat\u00f2ria i <strong>confirmar que el centre de pr\u00e0ctiques ha informat la Universitat del fet que continuareu fent pr\u00e0ctiques al mateix centre<\/strong>. Si el centre no hi ha indicat, ho pot fer la persona responsable mitjan\u00e7ant el <a href=\"https:\/\/www.uoc.edu\/portal\/ca\/universitat\/serveis\/estudiantat\/practiques-mobilitat\/empreses\/index.html\" target=\"_blank\" rel=\"noopener\">formulari de contacte per a centres de pr\u00e0ctiques<\/a>.<\/li>\n<li>En el cas de les places de recerca, haur\u00e0s de triar l\u2019oferta del mateix \u00e0mbit de recerca. Si esculls una recerca d\u2019un \u00e0mbit diferent al que has cursat en el Pr\u00e0cticum I, no tindr\u00e0s prefer\u00e8ncia en l\u2019assignaci\u00f3 i aquesta es far\u00e0 d\u2019acord amb la nota mitjana de l\u2019expedient acad\u00e8mic.<\/li>\n<\/ul>\n<p><strong>Puc sol\u00b7licitar un centre proposat per mi (mode directe) malgrat que tamb\u00e9 hagi sol\u00b7licitat una pla\u00e7a o un centre proposat per la UOC (mode agrupament)?<\/strong><\/p>\n<p>No, si feu una sol\u00b7licitud en mode agrupament heu d\u2019esperar la resoluci\u00f3 d\u2019aquesta assignaci\u00f3. Si se us ha assignat un centre o una pla\u00e7a, no podreu sol\u00b7licitar un centre en mode directe. Si no se us ha pogut assignar cap centre o pla\u00e7a (recordeu que l\u2019assignaci\u00f3 es fa a partir de la nota mitjana de l\u2019expedient acad\u00e8mic), aleshores podreu proposar el centre en mode directe.<\/p>\n<p><strong>Qu\u00e8 puc fer si se\u2019m deneguen totes les sol\u00b7licituds que he fet en mode agrupament? <\/strong><\/p>\n<p>Podreu proposar un centre en mode directe en el termini definit.<\/p>\n<p><strong>Si visc a l\u2019estranger, puc fer les pr\u00e0ctiques en un centre del pa\u00eds on resideixo? <\/strong><\/p>\n<p>S\u00ed, podeu sol\u00b7licitar un centre en mode directe del pa\u00eds on residiu. Per altra banda, tingueu present que la UOC ofereix pr\u00e0ctiques no presencials en les l\u00ednies de recerca que es proposen (recordeu que l\u2019assignaci\u00f3 de les places que ofereix la UOC es fa a partir de la nota mitjana de l\u2019expedient acad\u00e8mic).<\/p>\n<p>En cas que vulgueu sol\u00b7licitar un centre en mode directe, heu de contactar vosaltres mateixos amb un centre de pr\u00e0ctiques que compleixi els requisits i, despr\u00e9s, us heu d\u2019inscriure a la convocat\u00f2ria. El centre de pr\u00e0ctiques ha d\u2019entrar a l\u2019eina per crear una oferta i proposar-vos com a persona candidata (cal que indiqui el vostre nom i el vostre DNI). Posteriorment, aquesta oferta s\u2019ha de validar acad\u00e8micament.<\/p>\n<p><strong>Si no puc fer pr\u00e0ctiques presencials, quines opcions tinc per poder cursar el Pr\u00e0cticum? <\/strong><\/p>\n<p>La UOC ofereix la possibilitat de fer les pr\u00e0ctiques de recerca en algunes \u00e0rees d\u2019expertesa del professorat propi de la Universitat. Aquestes pr\u00e0ctiques s\u00f3n virtuals, i, si en algun cas es requereix presencialitat, aquesta informaci\u00f3 queda detallada a la mateixa oferta de pr\u00e0ctiques.<br \/>\nTingueu en compte que les places de recerca s\u00f3n limitades i que l\u2019assignaci\u00f3 tamb\u00e9 es fa d\u2019acord amb la nota mitjana de l\u2019expedient.<\/p>\n<p><strong>Curso el Pr\u00e0cticum, per\u00f2 veig que no podr\u00e9 acabar l\u2019activitat presencial abans no s\u2019acabi el semestre. Quina repercussi\u00f3 t\u00e9 aix\u00f2? <\/strong><\/p>\n<p>Superar l\u2019assignatura de Pr\u00e0cticum implica, necess\u00e0riament, haver fet noranta hores de pr\u00e0ctiques al centre. Si, per algun motiu, no podeu fer aquestes hores, no podreu superar l\u2019assignatura i, per tant, haureu de tornar a sol\u00b7licitar el Pr\u00e0cticum en una de les pr\u00f2ximes convocat\u00f2ries i matricular-vos novament a l\u2019assignatura.<\/p>\n<p><strong>Si estic cursant el Pr\u00e0cticum II, em puc inscriure a la convocat\u00f2ria i sol\u00b7licitar places d&#8217;agrupament o proposar un centre directe?<\/strong><\/p>\n<p>No, si ja est\u00e0s cursant el Pr\u00e0cticum II no et pots inscriure a la convocat\u00f2ria ni fer cap sol\u00b7licitud d\u2019un centre d\u2019agrupament ni proposar un centre directe. No obstant aix\u00f2, si per q\u00fcestions acad\u00e8miques o personals creus que no superar\u00e0s l\u2019assignatura del Pr\u00e0cticum II, pots posar-te en contacte amb el Servei d\u2019Atenci\u00f3 per tal que la Comissi\u00f3 del Pr\u00e0cticum pugui valorar la teva situaci\u00f3.<\/p>\n<p><strong>Puc proposar un centre penitenciari per fer-hi les pr\u00e0ctiques? <\/strong><\/p>\n<p>No, l\u2019oferta de places dels centres penitenciaris es coordina des del Centre d\u2019Estudis Jur\u00eddics i Formaci\u00f3 Especialitzada (CEJFE). Per aquest motiu, nom\u00e9s podeu optar a aquestes places si les ofereix la UOC en mode agrupament. En cap cas les podeu proposar com a centre en mode directe i, per tant, tampoc podeu contactar amb aquests centres pr\u00e8viament. Cada curs acad\u00e8mic, el CEJFE posa a disposici\u00f3 de les universitats el nombre de places que pot oferir, i es pot donar el cas que un semestre no es puguin oferir aquestes places. De la mateixa manera que amb les places d\u2019agrupament, l\u2019assignaci\u00f3 de places a centres penitenciaris es fa per rigor\u00f3s ordre d\u2019expedient acad\u00e8mic.<\/p>\n<p><strong>Qu\u00e8 haig de fer si vull fer les pr\u00e0ctiques en un centre educatiu p\u00fablic o concertat que no ofereix la UOC? <\/strong><\/p>\n<p>Cada comunitat aut\u00f2noma t\u00e9 les seves pr\u00f2pies regulacions pel que fa a aquests centres educatius; per aquest motiu, la UOC no pot garantir, en cap cas, que els centres vulguin acollir estudiantat en pr\u00e0ctiques. Abans de sol\u00b7licitar un centre educatiu, p\u00fablic o concertat, cal que reviseu la informaci\u00f3 que hi ha al campus virtual referent a aquest tipus de centres a la vostra comunitat aut\u00f2noma.<\/p>\n<p>En el cas de Catalunya, per ordre del Departament d\u2019Educaci\u00f3, no podeu contactar directament amb els seus centres. Si voleu fer les pr\u00e0ctiques en un centre del Departament d\u2019Educaci\u00f3, heu de triar l\u2019oferta de places en centres educatius p\u00fablics i concertats del Departament d\u2019Educaci\u00f3 de la convocat\u00f2ria, i esperar que la Universitat faci l\u2019assignaci\u00f3. Reviseu atentament la descripci\u00f3 de les pr\u00e0ctiques que trobareu a l\u2019oferta del centre.<\/p>\n<p>Tingueu en compte que, en cas que el centre compleixi els requisits, la sol\u00b7licitud que formalitzeu haur\u00e0 de passar la validaci\u00f3 acad\u00e8mica del professorat responsable de l\u2019assignatura.<\/p>\n","protected":false},"excerpt":{"rendered":"<p>Puc comen\u00e7ar a fer el Pr\u00e0cticum abans de matricular-m\u2019hi? No, per poder comen\u00e7ar les pr\u00e0ctiques us heu d\u2019haver matriculat a l\u2019assignatura, i tamb\u00e9 cal que el semestre lectiu hagi comen\u00e7at i que el conveni hagi estat signat per totes les parts. A m\u00e9s, es recomana que comenceu les pr\u00e0ctiques entre dues i tres setmanes despr\u00e9s [&hellip;]<\/p>\n","protected":false},"author":1,"featured_media":0,"parent":0,"menu_order":0,"comment_status":"closed","ping_status":"closed","template":"","meta":[],"acf":[],"_links":{"self":[{"href":"http:\/\/guia-prc.recursos.uoc.edu\/preguntes-frequents\/wp-json\/wp\/v2\/pages\/26"}],"collection":[{"href":"http:\/\/guia-prc.recursos.uoc.edu\/preguntes-frequents\/wp-json\/wp\/v2\/pages"}],"about":[{"href":"http:\/\/guia-prc.recursos.uoc.edu\/preguntes-frequents\/wp-json\/wp\/v2\/types\/page"}],"author":[{"embeddable":true,"href":"http:\/\/guia-prc.recursos.uoc.edu\/preguntes-frequents\/wp-json\/wp\/v2\/users\/1"}],"replies":[{"embeddable":true,"href":"http:\/\/guia-prc.recursos.uoc.edu\/preguntes-frequents\/wp-json\/wp\/v2\/comments?post=26"}],"version-history":[{"count":13,"href":"http:\/\/guia-prc.recursos.uoc.edu\/preguntes-frequents\/wp-json\/wp\/v2\/pages\/26\/revisions"}],"predecessor-version":[{"id":131,"href":"http:\/\/guia-prc.recursos.uoc.edu\/preguntes-frequents\/wp-json\/wp\/v2\/pages\/26\/revisions\/131"}],"wp:attachment":[{"href":"http:\/\/guia-prc.recursos.uoc.edu\/preguntes-frequents\/wp-json\/wp\/v2\/media?parent=26"}],"curies":[{"name":"wp","href":"https:\/\/api.w.org\/{rel}","templated":true}]}}