{"id":41,"date":"2023-06-19T13:01:41","date_gmt":"2023-06-19T11:01:41","guid":{"rendered":"http:\/\/guia-prc.recursos.uoc.edu\/preguntes-frequents\/?page_id=41"},"modified":"2023-06-22T12:34:56","modified_gmt":"2023-06-22T10:34:56","slug":"3-dubtes-del-raep","status":"publish","type":"page","link":"http:\/\/guia-prc.recursos.uoc.edu\/preguntes-frequents\/3-dubtes-del-raep\/","title":{"rendered":"3. Dubtes del RAEP"},"content":{"rendered":"<p><strong>Qu\u00e8 puc convalidar amb el RAEP?<\/strong><\/p>\n<p>En el grau de Psicologia, podeu convalidar el Pr\u00e0cticum I, per\u00f2 en cap cas podreu convalidar el Pr\u00e0cticum II. Consulteu la informaci\u00f3 del RAEP a \u00abCampus \/ <em>Reconeixements i convalidacions<\/em> \/ <em>Reconeixement de l\u2019experi\u00e8ncia professional<\/em>\u00bb.<\/p>\n<p><strong>Si tinc la intenci\u00f3 de demanar el RAEP, tamb\u00e9 he de fer la sol\u00b7licitud del Pr\u00e0cticum I? <\/strong><\/p>\n<p>Com que els calendaris de resoluci\u00f3 de tots dos tr\u00e0mits s\u2019encavalquen, la recomanaci\u00f3 \u00e9s que demaneu el RAEP i que, en paral\u00b7lel, tamb\u00e9 sol\u00b7liciteu el Pr\u00e0cticum I.<\/p>\n<p>En cas que se us denegui el RAEP, ja tindreu feta una sol\u00b7licitud per al Pr\u00e0cticum I.<br \/>\nSi, per contra, el RAEP se us accepta, la sol\u00b7licitud de Pr\u00e0cticum I es canviar\u00e0 internament per la del Pr\u00e0cticum II.<\/p>\n<p><strong>Si m\u2019han convalidat el Pr\u00e0cticum I en un camp d\u2019aplicaci\u00f3, puc cursar el Pr\u00e0cticum II en un camp d\u2019aplicaci\u00f3 diferent?<\/strong><\/p>\n<p>S\u00ed, us podeu matricular al Pr\u00e0cticum I reconegut i podeu sol\u00b7licitar el Pr\u00e0cticum II en un altre camp d\u2019aplicaci\u00f3.<\/p>\n","protected":false},"excerpt":{"rendered":"<p>Qu\u00e8 puc convalidar amb el RAEP? En el grau de Psicologia, podeu convalidar el Pr\u00e0cticum I, per\u00f2 en cap cas podreu convalidar el Pr\u00e0cticum II. Consulteu la informaci\u00f3 del RAEP a \u00abCampus \/ Reconeixements i convalidacions \/ Reconeixement de l\u2019experi\u00e8ncia professional\u00bb. Si tinc la intenci\u00f3 de demanar el RAEP, tamb\u00e9 he de fer la sol\u00b7licitud [&hellip;]<\/p>\n","protected":false},"author":1,"featured_media":0,"parent":0,"menu_order":0,"comment_status":"closed","ping_status":"closed","template":"","meta":[],"acf":[],"_links":{"self":[{"href":"http:\/\/guia-prc.recursos.uoc.edu\/preguntes-frequents\/wp-json\/wp\/v2\/pages\/41"}],"collection":[{"href":"http:\/\/guia-prc.recursos.uoc.edu\/preguntes-frequents\/wp-json\/wp\/v2\/pages"}],"about":[{"href":"http:\/\/guia-prc.recursos.uoc.edu\/preguntes-frequents\/wp-json\/wp\/v2\/types\/page"}],"author":[{"embeddable":true,"href":"http:\/\/guia-prc.recursos.uoc.edu\/preguntes-frequents\/wp-json\/wp\/v2\/users\/1"}],"replies":[{"embeddable":true,"href":"http:\/\/guia-prc.recursos.uoc.edu\/preguntes-frequents\/wp-json\/wp\/v2\/comments?post=41"}],"version-history":[{"count":3,"href":"http:\/\/guia-prc.recursos.uoc.edu\/preguntes-frequents\/wp-json\/wp\/v2\/pages\/41\/revisions"}],"predecessor-version":[{"id":52,"href":"http:\/\/guia-prc.recursos.uoc.edu\/preguntes-frequents\/wp-json\/wp\/v2\/pages\/41\/revisions\/52"}],"wp:attachment":[{"href":"http:\/\/guia-prc.recursos.uoc.edu\/preguntes-frequents\/wp-json\/wp\/v2\/media?parent=41"}],"curies":[{"name":"wp","href":"https:\/\/api.w.org\/{rel}","templated":true}]}}